 a multiple of 1357?
True
Is 30988537 a multiple of 23?
False
Is 59 a factor of 385242152?
True
Is 102424635 a multiple of 2361?
False
Is 1749914510 a multiple of 6420?
False
Is 9601318 a multiple of 21?
False
Does 505 divide 51139019?
False
Is 32031171 a multiple of 1208?
False
Is 123697221 a multiple of 84?
False
Is 3304747472 a multiple of 158?
False
Is 214 a factor of 103753192?
True
Is 12 a factor of 10426524?
True
Does 30 divide 495097560?
True
Does 178 divide 44623747?
False
Is 17 a factor of 38042067?
False
Does 11 divide 21683244?
True
Does 1256 divide 11604184?
True
Is 20 a factor of 23050720?
True
Is 860 a factor of 262633680?
True
Is 12637743 a multiple of 549?
False
Is 10710 a factor of 4611580618?
False
Is 63126685 a multiple of 45?
False
Does 3 divide 78901927?
False
Is 77978271 a multiple of 2639?
False
Is 302773550 a multiple of 3382?
True
Is 26 a factor of 8781925?
False
Is 113 a factor of 23228415?
False
Is 2009682942 a multiple of 61?
True
Does 1295 divide 1397185860?
True
Is 8699142 a multiple of 1531?
True
Does 3967 divide 291645906?
True
Is 16 a factor of 96419?
False
Is 7864 a factor of 86728205?
False
Does 368 divide 8402162?
False
Is 1058 a factor of 250629620?
True
Is 17392613 a multiple of 506?
False
Is 392 a factor of 529714981?
False
Is 212473856 a multiple of 128?
True
Is 8 a factor of 56575384?
True
Is 15 a factor of 103909223?
False
Does 1319 divide 524542558?
True
Is 1674631700 a multiple of 4?
True
Is 347 a factor of 160929925?
True
Is 1025 a factor of 41282900?
True
Is 216748736 a multiple of 16?
True
Is 385 a factor of 44151415?
True
Does 10 divide 240323874?
False
Is 273 a factor of 67093363?
False
Is 41547626 a multiple of 34?
True
Is 48 a factor of 7439376?
True
Does 88 divide 127031482?
False
Is 11392680 a multiple of 968?
False
Is 9 a factor of 445783887?
True
Is 2709356 a multiple of 13?
True
Is 1535 a factor of 766781620?
True
Does 988 divide 661888018?
False
Is 213500848 a multiple of 88?
True
Does 20 divide 95166480?
True
Does 425 divide 8088433?
False
Does 60 divide 98908560?
True
Is 472 a factor of 36898600?
True
Is 7311403 a multiple of 11?
True
Is 73169595 a multiple of 3141?
True
Is 294636181 a multiple of 691?
True
Is 47 a factor of 3217667?
True
Is 588 a factor of 146159160?
True
Is 224208586 a multiple of 195?
False
Does 516 divide 35568388?
False
Is 1896609797 a multiple of 1345?
False
Is 191108658 a multiple of 26?
True
Is 5981 a factor of 1726063715?
False
Is 68899390 a multiple of 12?
False
Is 1319 a factor of 688701341?
True
Is 704 a factor of 10418496?
True
Does 28 divide 1858037203?
False
Is 33286162 a multiple of 1840?
False
Does 18 divide 23956614?
True
Is 2970338191 a multiple of 31?
True
Does 75 divide 9757425?
True
Is 792978968 a multiple of 25?
False
Is 4 a factor of 4797319?
False
Is 42 a factor of 44972850?
False
Is 87879579 a multiple of 89?
True
Is 1795426702 a multiple of 233?
True
Does 514 divide 2229270428?
True
Does 46 divide 3548682?
False
Does 88 divide 184105064?
True
Is 79309536 a multiple of 24?
True
Is 141430913 a multiple of 19?
False
Is 9277756 a multiple of 3?
False
Is 1139111878 a multiple of 27?
False
Is 1651 a factor of 218576314?
False
Is 1943 a factor of 1342990181?
False
Does 765 divide 271742535?
True
Is 3436080 a multiple of 24?
True
Is 1013 a factor of 13532667?
True
Is 2379740 a multiple of 580?
True
Is 68 a factor of 11760585?
False
Does 96 divide 21607225?
False
Is 319 a factor of 519545411?
True
Is 9508404 a multiple of 40?
False
Is 577 a factor of 206343278?
True
Is 148 a factor of 546534?
False
Is 2444620672 a multiple of 442?
True
Is 401338002 a multiple of 5867?
True
Does 3 divide 193567326?
True
Is 83475770 a multiple of 18?
False
Is 23846160 a multiple of 26?
True
Does 17 divide 351244224?
False
Does 8 divide 2038567972?
False
Is 226 a factor of 40234088?
False
Is 709624980 a multiple of 115?
True
Does 179 divide 876083450?
False
Does 24 divide 3611559124?
False
Is 563744481 a multiple of 8?
False
Does 21 divide 215709753?
True
Is 204324575 a multiple of 35?
True
Is 1434 a factor of 512588960?
False
Is 3176597 a multiple of 22?
False
Is 1290 a factor of 41471453?
False
Is 19 a factor of 947070402?
False
Does 40 divide 15342080?
True
Does 1169 divide 98283675?
True
Is 1740539780 a multiple of 28?
True
Is 2220310 a multiple of 2?
True
Is 133057080 a multiple of 120?
True
Does 5 divide 5799140?
True
Is 55437285 a multiple of 75?
False
Does 86 divide 21562007?
False
Does 21 divide 36124698?
False
Is 162 a factor of 690882692?
False
Is 4986792 a multiple of 3?
True
Is 6405 a factor of 2844268350?
True
Does 85 divide 395173330?
True
Does 18 divide 15698367?
False
Is 482615747 a multiple of 312?
False
Does 13 divide 892730850?
False
Does 1897 divide 508953718?
True
Is 17969085 a multiple of 42?
False
Is 2619606 a multiple of 114?
True
Is 42488654 a multiple of 37?
True
Is 14 a factor of 113170301?
False
Is 245550735 a multiple of 9?
True
Is 1162440713 a multiple of 727?
False
Does 50 divide 174323400?
True
Is 62419391 a multiple of 10?
False
Is 2124 a factor of 22633047?
False
Is 1396935365 a multiple of 13?
False
Is 335 a factor of 8655060?
True
Is 240769755 a multiple of 223?
True
Does 174 divide 9760048?
False
Is 502804388 a multiple of 412?
True
Does 1642 divide 15397034?
True
Is 19 a factor of 452049644?
False
Is 3184549 a multiple of 47?
False
Is 78 a factor of 578694?
False
Does 6 divide 50706400?
False
Is 160441920 a multiple of 9?
True
Is 11 a factor of 485228188?
False
Is 65650895 a multiple of 1311?
False
Is 63 a factor of 12243122?
False
Is 16 a factor of 97197928?
False
Is 139407325 a multiple of 16?
False
Does 235 divide 1636256120?
True
Is 75 a factor of 22408875?
True
Is 299023924 a multiple of 5358?
False
Is 66 a factor of 603484488?
False
Is 1938 a factor of 228303273?
False
Is 1179 a factor of 284174370?
True
Does 79 divide 47847851?
True
Does 124 divide 348964148?
True
Is 62 a factor of 481420?
False
Is 415 a factor of 260022815?
True
Is 23281350 a multiple of 3?
True
Is 23091758 a multiple of 389?
False
Is 32487392 a multiple of 689?
False
Does 202 divide 1092480?
False
Is 12 a factor of 112274674?
False
Is 46101427 a multiple of 22?
False
Is 199218802 a multiple of 12?
False
Does 62 divide 100557924?
True
Does 62 divide 245359434?
False
Is 12 a factor of 202721580?
True
Does 561 divide 701991642?
True
Does 39 divide 1139250231?
False
Does 600 divide 1633213800?
True
Is 6 a factor of 363896814?
True
Is 2576707170 a multiple of 3777?
True
Does 270 divide 24182280?
True
Does 14 divide 38663833?
False
Is 1302048839 a multiple of 2999?
True
Is 1228 a factor of 320011888?
True
Does 496 divide 25853879?
False
Is 7 a factor of 122433591?
True
Does 746 divide 8729984?
False
Does 25 divide 14053830?
False
Does 17 divide 6578351?
False
Does 28 divide 417516018?
False
Is 9657088 a multiple of 112?
True
Is 6452 a factor of 1922973436?
True
Does 35 divide 746278990?
False
Is 11 a factor of 1003834974?
False
Is 90 a factor of 208091250?
True
Is 4161938872 a multiple of 26?
True
Is 47174126 a multiple of 19?
False
Is 122457064 a multiple of 87?
False
Is 8 a factor of 70124015?
False
Is 33785106 a multiple of 566?
True
Is 323789261 a multiple of 4?
False
Does 18 divide 20955628?
False
Does 35 divide 121431923?
False
Does 5717 divide 577711057?
False
Is 10 a factor of 154635210?
True
Does 11 divide 389761568?
False
Is 313 a factor of 14176748?
False
Is 153043434 a multiple of 17?
False
Is 1078 a factor of 51662072?
True
Does 24 divide 271069609?
False
Is 146874588 a multiple of 84?
True
Is 216 a factor of 1769476536?
True
Is 849 a factor of 17028393?
True
Is 9459743 even?
False
Does 68 divide 642768316?
False
Is 4 a factor of 11613356?
True
Is 609 a factor of 83475021?
True
Is 1478052252 a multiple of 12?
True
Is 131 a factor of 79425955?
True
Is 102543883 a multiple of 56?
False
Is 1559498932 a multiple of 34?
False
Is 2517 a factor of 1333465211?
False
Is 3 a factor of 15218317?
False
Is 144586632 a multiple of 204?
True
Is 374489205 a multiple of 1015?
False
Does 20 divide 67383600?
True
Does 35 divide 337332835?
True
Is 51384288 a multiple of 22?
False
Does 43 divide 340029122?
True
Does 62 divide 663896?
True
Does 735 divide 2951428?
F